*d. Let k be o(2). Suppose k*n = -n + 25. What is the tens digit of n?
2
Let m be ((-12)/27)/(4/(-18)). What is the units digit of (42/(-30) + m)/(2/30)?
9
What is the tens digit of (2 - (-460)/8)*10?
9
Let i = 1 + 1. Let g be 2*(-3)/i - -5. Suppose j - g + 0 = 0. What is the units digit of j?
2
Let a be 14/(-56) + (-18)/(-8). Suppose -a*t + 18 = -5*t. What is the units digit of 28/t*(-132)/77?
8
Let l be 1/(-2)*(-9 + 3). Suppose 2*s + s = -5*y + 1026, -l*y + 5*s + 602 = 0. Suppose -5*k + y + 81 = 0. What is the units digit of k?
7
Let w(q) = -57*q - 7. Let t(k) = -56*k - 6. Let v(x) = -5*t(x) + 4*w(x). What is the units digit of v(1)?
4
Let b(r) = -17*r - 5. Let l(m) = 25*m + 7. Let a(j) = -7*b(j) - 5*l(j). Let o(q) = -19*q + 1. Let u(g) = -11*a(g) + 4*o(g). What is the tens digit of u(-4)?
4
Suppose u + g - 279 = 54, -u + 5*g + 363 = 0. What is the tens digit of u?
3
Let j(s) = -s**3 - 4*s**2 - s + 2. Let f be j(-6). Let y = f + -8. What is the tens digit of y?
7
Let q be (-3)/6 + (-387)/(-6). Suppose x = -c + 46, 3*x - x - 5*c - q = 0. Let r = x - 16. What is the tens digit of r?
2
Suppose 3*d - 637 = -5*y - 64, 5*d + 605 = 5*y. Suppose -4*z + 5*b - 13 = 0, -21 = -2*z - 5*b + 10. Suppose 30 = -z*g + y. What is the units digit of g?
9
Suppose -4*j - 104 = -4*l, -5*l + 2*j = -2*l - 79. Let p = l - -27. What is the units digit of p?
4
Suppose -4*b + w - 86 = 0, -2*w = b + b + 38. Let y = b + 3. Let m = y - -48. What is the tens digit of m?
3
Let n = -38 - -41. Suppose -y - 1 = 0, 2*c - 3*c + 95 = -n*y. Suppose -w - 29 = -c. What is the units digit of w?
3
Suppose -2*j - 11*m + 22 = -8*m, -5*m + 35 = 3*j. Suppose 3*k - j*q - 920 = 0, -q = -4*k + 351 + 853. What is the tens digit of k?
0
Suppose 2*g - 5 = b - 18, -b = -5*g - 28. What is the tens digit of 2 + ((-2)/b)/(5/(-480))?
6
Let j(n) = 2*n**2 - 13*n + 2. Let t(x) = -10*x**2 + 66*x - 9. Let i(o) = 11*j(o) + 2*t(o). What is the tens digit of i(12)?
6
Let h(z) = z**3 - 17*z**2 + 6*z + 22. Let j be (-1)/((4/34)/(-2)). What is the tens digit of h(j)?
2
Suppose 0 = 8*u + 9*u - 884. What is the units digit of u*3 - ((-10)/(-2) + -1)?
2
Let b(k) = k**2 + k - 4. Let n be b(-3). Suppose n*h - 8 = 2. What is the tens digit of 8*h/((-5)/(-6))?
4
Let v(u) = u**3 - 6*u**2 + 3*u + 1. Let s be v(8). Suppose g = -4*b - 2*g + s, 2*b = 2*g + 66. What is the tens digit of b?
3
Let f(b) = 2*b**2 - 8*b + 37. What is the hundreds digit of f(-9)?
2
Let y = 7 - 2. What is the tens digit of 42/y*80/12?
5
Let f(h) = -3*h**2 - 38*h + 5. What is the hundreds digit of f(-8)?
1
What is the units digit of ((-8)/(-6))/(3*11/5049)?
4
Suppose -5*r + 3028 = 3*k + 965, r = 3*k + 427. Suppose 6*z - r = -61. What is the tens digit of z?
5
Let z(a) = 4*a**2 - 3*a + 6. Let t(u) = -1. Let m(p) = -6*t(p) - z(p). Let d be m(2). What is the tens digit of (d/6 + 1)*-75?
5
Suppose -l + 6*l = 0. Suppose l*b = -2*b. Suppose -4*d = -b*p - p + 19, -2*d + 18 = 2*p. What is the tens digit of p?
1
Let a(b) = -b**2 + 5*b - 2. Let p be a(2). Suppose 2*c = p*c. Suppose -75 = -5*t - 5*k, -t + k + 19 - 6 = c. What is the tens digit of t?
1
Let h = 15 - 11. Suppose -3*o - 15 = -5*j, -2*o + h*j = 12 - 0. Suppose t - 19 + 0 = o. What is the units digit of t?
9
Suppose -p - 58 = 4*k + 208, -p - 134 = 2*k. Let v be 41*(-9 + 5 - -3). Let j = v - k. What is the units digit of j?
5
Let a = -512 + 772. What is the tens digit of a?
6
Let v(u) = -6*u**2 - 16*u - 13. Let j(p) = 11*p**2 + 33*p + 27. Let b(h) = 3*j(h) + 5*v(h). What is the units digit of b(-10)?
6
Suppose 9*y - 7639 = -2212. What is the hundreds digit of y?
6
Let b = -17 - -20. Suppose -5*m - 32 = 4*w - b*w, 28 = -w - 4*m. What is the units digit of (4/w)/((-1)/30)?
0
Let d be (2/4)/((-12)/(-168)). Let y be 4*(-2 + d/4). Let t = 8 - y. What is the units digit of t?
9
What is the hundreds digit of 316 + 3/(-6)*-22?
3
Let y = 1 + 2. What is the tens digit of y + (-1088)/(-5 - -1)?
7
Let s = 14 - 12. Suppose -3*v + 10 = -4*j, -s*v = -5*j + 4 + 1. Let a = 27 + v. What is the tens digit of a?
3
What is the tens digit of ((5 + -9)/12)/(1/(-2826))?
4
What is the units digit of (-16)/(-28) - 9582/(-14)?
5
Suppose -23 = -3*y + 4*k, 10 = 4*y - k - 12. Suppose 4*b = -0*b - t + 201, y*t = -5*b + 240. What is the tens digit of b?
5
Let r = 16 - 31. Let p = -10 - r. Suppose -p*a = -h - 93 - 103, -a - 5*h + 34 = 0. What is the units digit of a?
9
Let x(s) = s**2 + 17*s - 21. Let y be x(-14). What is the tens digit of (-4)/(-18) - (2 + 6916/y)?
0
Let a = -4334 - -6174. What is the hundreds digit of a?
8
Suppose 4*v - 6*v + 5940 = 4*n, 3*v + 3*n - 8910 = 0. What is the units digit of v?
0
Suppose n = o - n - 39, -2*o - 5*n = -42. Let y(u) = -u**2 + 34*u + 37. What is the tens digit of y(o)?
3
Suppose 4*l + l + 35 = 5*b, -5*l = -2*b + 47. Let g(y) = -y**3 - y**2 + y - 1. Let d be g(-2). What is the tens digit of (d/2)/(l/(-572))?
2
Let r be (-15 + 7)*2/4. Let j(o) = o**2 - 7. Let v be j(-5). Let z = v - r. What is the tens digit of z?
2
Let l = -45 - -45. Suppose l = 3*h - 3*d - 165, h + 0*h - 4*d = 64. What is the tens digit of h?
5
Let g = 1 - -5. Suppose y + 245 = 4*w, -310 = -5*w - y + g*y. Suppose 0 = 5*r - 19 - w. What is the units digit of r?
6
Let n(a) = a**2 - 4*a - 4. Let z be n(4). Let x be ((-16)/6)/(z/18). Suppose 4*m = -5*g + 46, 35 = 5*g + 3*m - x. What is the tens digit of g?
1
Suppose -r = -0 + 2, -3*u + 3*r = -18. Suppose 0 = -3*f - l + 423, 0 = 6*f - u*f - l - 277. What is the hundreds digit of f?
1
Suppose 10*u - 306 - 624 = 0. Let w = 140 - u. What is the units digit of w?
7
Let x(o) = 5*o**2 - 50*o + 94. What is the tens digit of x(26)?
7
Let q(y) = y**3 - 12*y**2 + 11*y + 1. Let w be q(11). What is the units digit of 34 - (3 - w - 1)?
3
Let u = -4 + 6. Suppose y + 2*y = 2*r + 7, u*y + 54 = -4*r. Let g = -2 - r. What is the units digit of g?
9
Suppose 2*s = -7*s + 2520. What is the tens digit of s?
8
Let p = -413 - -1387. What is the units digit of p?
4
Let m(t) = 82*t - 25. Let x be m(2). Suppose -142*d + 240 = -x*d. What is the units digit of d?
0
Let y(u) = u + 4. Let x be y(0). Let n be 3012/54 + x/18. Let c = n + -34. What is the units digit of c?
2
Let q = -410 + 737. What is the units digit of q?
7
Let d(r) = 3*r**3 - 5*r**2 - 4*r - 4. What is the units digit of d(5)?
6
Let m(h) = h**2 - h + 50. Let o(a) = -a + 11. Let z be o(9). Suppose 0 = -4*r - 4*x - 4, -z*r + 1 + 3 = -4*x. What is the tens digit of m(r)?
5
Suppose 82*c + 2462 - 10744 = 0. Suppose -23 - 11 = y. Let d = c + y. What is the tens digit of d?
6
Let y(m) = m**3 + 3*m**2 - 2*m - 4. Let q be y(4). Suppose q = -4*t - 4*f, 5*f = 4*f + 2. Let c = t - -31. What is the units digit of c?
4
Let o = -4 + 4. Let d(w) = -1 + 10 + o*w**2 - 6*w - w**3 + 8*w**2. What is the tens digit of d(6)?
4
Let i be 4*((-2)/2 + (-18)/(-12)). Suppose -i*k + 3*u + 606 = 2*k, -2*u = -k + 154. What is the hundreds digit of k?
1
Let o be 4/((-4)/12*-2). Suppose -2*s + 6 - 2 = 0. Suppose 0 = -j - s*j + o. What is the units digit of j?
2
Suppose 0 = -144*u + 150*u - 29208. What is the thousands digit of u?
4
Suppose 2 = -2*v + 6. Suppose -v*h = -0*h + 2*t + 12, t = -2*h - 10. What is the units digit of (-8)/(-3)*(-51)/h?
4
Let w = 8 + -6. Suppose 0 = -k + w*u + 2, k - 5 = -3*k + 5*u. Suppose k*f - 3*d + 48 = 3*f, -5*f + 64 = d. What is the units digit of f?
2
Suppose 5*m - 4*l + 0 = -1, -3*m = 2*l - 17. Suppose -12 = -5*b + p, 5*b - m*p - 10 = 6. What is the tens digit of (b - 134/(-2)) + -3?
6
Let h(d) = -31*d**2 - 3*d - 2. Let q be h(-1). Let o = q - 20. Let p = o + 77. What is the units digit of p?
7
Let g = -944 + 1073. What is the hundreds digit of g?
1
Let z(v) = -681*v**2 + 6*v - 5. Let d be z(1). What is the tens digit of 2/6 - d/30?
2
Let y(m) = 5*m**2 - 4*m - 4. Let f be y(-8). Let c = f + -198. Suppose -c = -5*k - 0*k. What is the units digit of k?
0
Let a(o) = -o - 3. Suppose 4*r - 2*t = -10, 3*r - 3*t + 5 + 1 = 0. Let f be a(r). Suppose f = w - 3*w + 28. What is the tens digit of w?
1
Let y be 5/(-1) + 8 + 22. Let l = 101 - y. What is the tens digit of l?
7
Let x = 11 - 7. Suppose 5*d = 6 + x. Suppose d*c - 15 = -5*m - 0*c, 5*m + 10 = 3*c. What is the units digit of m?
1
Let m = -108 + 111. Suppose -2*n = x - 194, -5*n - 513 = -m*x + 